vide 9431491?
False
Is 333526361 a multiple of 551?
True
Does 694 divide 12811240?
True
Does 5 divide 112377430?
True
Is 20 a factor of 29153680?
True
Is 36 a factor of 1227568?
False
Does 70 divide 19432261?
False
Is 15102349 a multiple of 32?
False
Is 3263 a factor of 1121652987?
True
Is 31680128 a multiple of 55?
False
Is 8917160 a multiple of 140?
True
Does 16 divide 227264683?
False
Is 184895299 a multiple of 12?
False
Is 2767355349 a multiple of 11?
True
Is 11 a factor of 45873289?
True
Does 988 divide 68094310?
False
Is 26 a factor of 7475416?
True
Is 6634 a factor of 1322998718?
True
Is 42 a factor of 139271496?
True
Is 1045077410 a multiple of 6455?
True
Is 1523 a factor of 783199704?
True
Is 31 a factor of 34349236?
False
Is 112 a factor of 346309264?
True
Is 16319953 a multiple of 29?
True
Is 119403585 a multiple of 783?
True
Is 237 a factor of 355537478?
False
Does 22 divide 103189900?
True
Is 680442 a multiple of 238?
True
Does 8239 divide 1602864494?
True
Is 917 a factor of 70358567?
False
Is 139953381 a multiple of 717?
True
Is 3 a factor of 8530659?
True
Does 12570 divide 2986843602?
False
Is 99 a factor of 820986804?
True
Is 1493 a factor of 84304412?
False
Does 1829 divide 20153751?
True
Does 776 divide 9870866?
False
Is 887 a factor of 15604104?
True
Is 96 a factor of 74257920?
True
Is 136 a factor of 500559435?
False
Is 67107879 a multiple of 27?
True
Is 63380241 a multiple of 1823?
True
Is 10443050 a multiple of 631?
True
Is 791985194 a multiple of 182?
True
Is 12 a factor of 4563682740?
True
Is 1083 a factor of 107620865?
False
Is 118 a factor of 25473132?
True
Is 261169189 a multiple of 1538?
False
Is 850232196 a multiple of 2?
True
Is 3907 a factor of 938414516?
True
Does 37 divide 928347686?
True
Is 2202420892 a multiple of 53?
False
Is 112595200 a multiple of 6025?
True
Does 322 divide 1844524571?
False
Does 1867 divide 14848251?
True
Does 16 divide 341952?
True
Does 4260 divide 206313717?
False
Does 7 divide 17723889?
False
Does 307 divide 260250347?
True
Is 31154616 a multiple of 9?
True
Is 309062939 a multiple of 8?
False
Is 31829262 a multiple of 36?
False
Is 116 a factor of 374897660?
False
Does 30 divide 617351806?
False
Is 8126074 even?
True
Does 3239 divide 262368717?
True
Is 384 a factor of 55227648?
True
Is 598140180 a multiple of 54?
True
Is 54 a factor of 157347684?
True
Is 137 a factor of 391844102?
False
Is 33 a factor of 384524316?
True
Does 588 divide 39591684?
False
Does 60 divide 1199580000?
True
Does 133 divide 25142187?
True
Does 1742 divide 34174556?
True
Is 20 a factor of 577275?
False
Is 85 a factor of 1244872452?
False
Does 29 divide 11468480?
False
Does 979 divide 35346795?
True
Is 25 a factor of 1752700?
True
Does 126 divide 460358368?
False
Does 5 divide 13964259?
False
Is 110 a factor of 932899550?
True
Is 17355840 a multiple of 320?
True
Is 53 a factor of 125574709?
False
Is 102 a factor of 18432810?
False
Is 10 a factor of 1854172808?
False
Is 193169469 a multiple of 101?
True
Is 174 a factor of 696945662?
False
Does 16944 divide 4753690032?
True
Does 67 divide 3021298?
True
Is 146 a factor of 22092772?
False
Is 2572056366 a multiple of 33?
True
Does 42 divide 196931782?
False
Is 39574887 a multiple of 1569?
True
Is 114 a factor of 448504158?
True
Is 47401867 a multiple of 15?
False
Is 171 a factor of 515886138?
True
Does 3809 divide 139209952?
False
Is 16812 a factor of 8161570332?
True
Does 55 divide 62115845?
True
Is 6 a factor of 78367993?
False
Does 12 divide 128312264?
False
Is 153 a factor of 154075566?
False
Does 118 divide 243850664?
False
Does 2477 divide 70971111?
False
Is 7 a factor of 5256106379?
False
Is 268520186 a multiple of 23?
False
Does 42 divide 19120080?
True
Is 108 a factor of 46714221?
False
Is 506 a factor of 73249066?
True
Is 166 a factor of 26228839?
False
Is 706325894 a multiple of 32?
False
Is 106 a factor of 2678302?
True
Is 1457737528 a multiple of 14?
False
Is 157 a factor of 22896706?
False
Is 267302586 a multiple of 37?
False
Is 233 a factor of 2213102292?
False
Does 229 divide 61183533?
True
Does 1946 divide 109178684?
False
Does 6544 divide 263965328?
True
Is 160720756 a multiple of 17?
False
Does 16 divide 1392539453?
False
Does 6 divide 1396418501?
False
Is 16 a factor of 10116880?
True
Is 19 a factor of 2562481494?
False
Does 958 divide 453920684?
False
Is 3035 a factor of 27777427?
False
Is 1923337237 a multiple of 1402?
False
Is 96999564 a multiple of 145?
False
Is 7 a factor of 94695944?
True
Is 352059597 a multiple of 23?
True
Is 197019244 a multiple of 48?
False
Is 17 a factor of 124141877?
False
Does 60 divide 55792933?
False
Is 117 a factor of 19159434?
False
Does 4384 divide 7697239?
False
Is 93 a factor of 630650112?
True
Does 22 divide 1800869444?
True
Is 26479054 a multiple of 3?
False
Does 741 divide 3525253425?
False
Is 45826051 a multiple of 978?
False
Is 260285136 a multiple of 67?
False
Does 23 divide 16537487?
False
Is 117995112 a multiple of 24?
True
Is 4 a factor of 6177704?
True
Does 80 divide 10250631?
False
Is 1630011824 a multiple of 226?
False
Is 183 a factor of 2790750?
True
Does 18 divide 191741274?
True
Is 652164634 a multiple of 1642?
True
Does 197 divide 5428051?
False
Does 36 divide 340785300?
False
Is 649 a factor of 12693797?
False
Is 30216054 a multiple of 18?
False
Does 344 divide 501021719?
False
Does 164 divide 1037109388?
False
Does 1200 divide 4323908400?
True
Is 5939 a factor of 1714898128?
True
Is 11 a factor of 1785458048?
True
Does 516 divide 25230371?
False
Is 239 a factor of 35107220?
False
Is 7663903 a multiple of 23?
False
Is 26187569 a multiple of 1583?
True
Is 359 a factor of 8949615?
False
Is 2308941045 a multiple of 81?
True
Is 4036 a factor of 22403836?
True
Does 91 divide 2039130?
False
Is 91 a factor of 82649139?
False
Does 18 divide 108999669?
False
Is 48 a factor of 1742035766?
False
Is 5810513675 a multiple of 31?
True
Does 7 divide 832533811?
False
Does 224 divide 313905024?
False
Is 238024332 a multiple of 486?
True
Does 12 divide 223009015?
False
Is 943887657 a multiple of 21?
False
Is 23 a factor of 263422123?
False
Does 4618 divide 785461897?
False
Does 5119 divide 1570841222?
False
Does 16 divide 132354668?
False
Does 82 divide 714518263?
False
Does 144 divide 217848960?
True
Is 993 a factor of 125069343?
True
Does 1406 divide 35969698?
True
Is 1013 a factor of 780760894?
False
Is 165753360 a multiple of 6490?
False
Does 17 divide 7545297?
True
Is 222 a factor of 35578785?
False
Is 30105159 a multiple of 3418?
False
Does 1290 divide 469047870?
True
Is 1128334152 a multiple of 22?
True
Is 58 a factor of 19962788?
True
Does 1097 divide 40161555?
False
Does 5 divide 17683248?
False
Is 368 a factor of 14050263?
False
Is 59537776 a multiple of 3271?
False
Is 5349 a factor of 675266792?
False
Is 181 a factor of 59755521?
True
Is 4 a factor of 18742333?
False
Is 642386108 a multiple of 9569?
True
Does 24 divide 46685900?
False
Is 761 a factor of 465324326?
False
Does 1520 divide 61298560?
True
Is 83274302 a multiple of 4953?
False
Is 54 a factor of 708715602?
True
Does 9 divide 31318070?
False
Is 918 a factor of 56978424?
True
Does 8 divide 15384857?
False
Is 360 a factor of 479764440?
True
Does 444 divide 5722537?
False
Is 242 a factor of 24804758?
True
Does 890 divide 661562810?
True
Is 2562 a factor of 393083940?
False
Is 812 a factor of 44877616?
True
Is 329124600 a multiple of 5504?
False
Is 19731298 a multiple of 206?
True
Is 99946920 a multiple of 1674?
False
Is 202 a factor of 13891136?
True
Is 70 a factor of 1828452080?
True
Does 206 divide 54529642?
True
Is 87 a factor of 2200256?
False
Is 17673030 a multiple of 51?
True
Is 16600940 a multiple of 604?
True
Does 79 divide 240941345?
False
Is 119672498 a multiple of 201?
False
Is 597438975 a multiple of 217?
True
Does 286 divide 59114409?
False
Is 6518000 a multiple of 10?
True
Is 30 a factor of 1643341?
False
Does 57 divide 28175652?
False
Is 61 a factor of 258426936?
False
Is 23830206 a multiple of 1257?
True
Does 19 divide 51337243?
False
Does 123 divide 1102662365?
False
Is 27 a factor of 323032238?
False
Is 3 a factor of 2198872?
False
Is 9 a factor of 269675208?
True
Is 425040658 a multiple of 3?
False
Does 11 divide 165777029?